o a multiple of 10?
True
Let x = 209 + -138. Is x a multiple of 4?
False
Is (124/12)/((-2)/(-6)) a multiple of 6?
False
Let i(x) = -x**2 - 9*x - 7. Suppose r - 3*r = 12. Is 11 a factor of i(r)?
True
Let g be (-1 + -2)*-2 - 3. Suppose w + 2*d + 30 = 2*w, -g*d - 6 = 0. Does 7 divide w?
False
Let y(v) = 2*v**2 - v + 176. Is y(0) a multiple of 44?
True
Suppose 2*l - 55 = -5*s, 0 = s + 3*s - 12. Suppose 0 = -3*n - 5 + l. Is n a multiple of 5?
True
Does 9 divide (0 + (-37)/3)*-3?
False
Let b = -52 + 82. Suppose -126 = -4*t - b. Is t a multiple of 12?
True
Is 8/6 + (-496)/(-24) a multiple of 8?
False
Suppose -2*z = -28 + 4. Is 10 a factor of z?
False
Suppose 0 = -5*r - 64 - 31. Let d = 5 - r. Does 8 divide d?
True
Suppose 2*u = -4*z - 6 + 44, -3*z = 3*u - 66. Does 18 divide u?
False
Let o(q) = 6*q - 4*q**2 - 3*q + q**2 + q**3. Is o(3) a multiple of 7?
False
Let h(i) = 2*i**2 + 3*i - 4. Let o be 10/(-3)*12/8. Does 14 divide h(o)?
False
Suppose 5*r - 215 = -3*o, -5*o + 317 = -0*r - 2*r. Let f = 10 + -5. Suppose f*t - 5 = o. Is t a multiple of 14?
True
Suppose -6*a = -5*a - 3. Suppose 118 = a*t - t. Does 17 divide t?
False
Suppose 2*y - 11 = 71. Is y a multiple of 11?
False
Let j(v) = -4*v + 14. Is j(-6) a multiple of 15?
False
Suppose z + 4*x - 90 = 0, 445 = 4*z + 2*x - 3*x. Does 19 divide z?
False
Let l(b) = -b**2 - 10*b + 17. Does 5 divide l(-7)?
False
Let x(i) = i**2 + 10*i + 9. Let o be x(-9). Suppose o = 5*r + 13 - 73. Is (14/(-6))/((-2)/r) a multiple of 5?
False
Let o be (-2)/(-9) - (-34)/9. Let a = 1 + o. Is a even?
False
Let y(k) = k**3 - 7*k**2 + 7*k - 3. Let c be y(6). Let m be 5/10*18 - -1. Suppose -v + m - c = 0. Does 3 divide v?
False
Suppose -29 = -2*n + 131. Let y(o) = 40*o**3 - o - 1. Let a be y(-1). Let k = a + n. Is 20 a factor of k?
True
Let j(m) = -m**2 - 10*m + 3. Let n be j(-8). Let l = 30 - n. Does 11 divide l?
True
Let j(h) = 10*h - 1. Is 17 a factor of j(2)?
False
Let k = 243 - 152. Let p(i) = i**3 - i**2 + i. Let n be p(4). Let z = k - n. Is z a multiple of 15?
False
Suppose 0 = 4*i - 3*i + 2, r + 4*i = 124. Is 33 a factor of r?
True
Let z = -4 - -6. Let f(q) = 3*q**3 - q. Let v be f(z). Suppose 3*w = w + v. Does 4 divide w?
False
Let g be -3*2/(-3) + 11. Let w = 22 - g. Is w a multiple of 6?
False
Let s = 13 + -12. Is ((-54)/45)/(s/(-10)) a multiple of 4?
True
Suppose 4*h = -20, -4*n + 5*h + 57 + 28 = 0. Is 5 a factor of n?
True
Let n = -1 - -3. Suppose -n*k - 11 = -3*k. Is 10 a factor of k?
False
Let p(z) be the second derivative of -z**5/20 + z**4/12 - z**3/6 + z. Let w be (6/9)/((-2)/6). Does 7 divide p(w)?
True
Suppose -2*d + 5 = -1. Let g(q) = -6*q + d*q**2 + 10 - 4*q**2 + 15*q. Does 8 divide g(8)?
False
Suppose r - 4 = 1. Suppose 0 = r*n - 0*n - 65. Does 13 divide n?
True
Let o(l) = -4*l**3 - 2*l**2 - 2*l - 1. Let f be o(-1). Suppose 2 + 1 = z. Suppose q - w = -f*w - 4, -4*w = z*q + 6. Is q even?
True
Suppose 7*y = 10*y. Is y + -3 - -9 - -1 a multiple of 2?
False
Suppose -196 = -4*g - 3*s, -108 = -0*g - 2*g + s. Does 12 divide g?
False
Suppose -2*a = -5*d - 75, -2*a + 52 + 58 = 2*d. Does 15 divide a?
False
Let t be -2 + 0*(-3)/9. Let l be t/(-8) - (-46)/8. Suppose l = 3*i - 0, 0 = q + 4*i - 20. Is q a multiple of 10?
False
Let c(n) = -n + 1. Let k(a) = 8*a - 6. Let x(g) = 18*c(g) + 2*k(g). Does 11 divide x(-8)?
True
Suppose -n + 0*v = -5*v - 2, -3*v - 8 = -4*n. Let a be (5/(-2))/5*-4. Suppose -2*b + 34 = n*i, b + a*i - 49 = -2*b. Is 15 a factor of b?
True
Let n(o) = o - 2. Let a be n(4). Let f be 170/2 - (-1)/(-1). Suppose -2*b = a*b - f. Does 8 divide b?
False
Let w(a) = 2*a - 6. Let z be w(5). Suppose 3*i - 120 = 4*q, -3*i - z*q + 152 = 56. Is 11 a factor of i?
False
Suppose 0 = -0*l - l + 4. Let w = 13 - l. Is w a multiple of 9?
True
Let y = 42 - 27. Is 3 a factor of y?
True
Let h(m) = -m - 9. Let s(f) = -1. Let c(k) = -h(k) + 6*s(k). Let l be (-111)/(-39) + (-8)/(-52). Does 6 divide c(l)?
True
Let i = -50 - -130. Is i a multiple of 6?
False
Let n(t) = -t**3 + 8*t**2 + 10. Let s be n(7). Let p = s - -1021. Is p/42 + (-4)/(-14) a multiple of 13?
True
Suppose 4*x + 2*m = -44, -2*m = -x - 2 - 9. Let c = x - -24. Let b = -1 + c. Does 4 divide b?
True
Does 21 divide ((-30)/(-4))/((-680)/(-224) - 3)?
True
Suppose 189 = 3*l + 972. Does 8 divide l/(-15) + 2/(-5)?
False
Let j(v) = -15*v - 25. Is j(-4) a multiple of 14?
False
Is (-241)/(-10 - -5 - -4) a multiple of 47?
False
Let x(u) = -16*u**2 - 4*u + 20. Let t(k) = -3*k**2 - k + 4. Let h(a) = -11*t(a) + 2*x(a). Is 16 a factor of h(4)?
False
Suppose 3*i = 5*a - 295, -i + 5*i + 132 = 2*a. Is 24 a factor of a?
False
Let x = -1 - -4. Suppose x*m - w - 100 = 0, -2*w - 159 = -4*m - 25. Does 11 divide m?
True
Let a = -7 + 10. Suppose -4 = 2*o, -4*k + 0*k + a*o + 22 = 0. Is k even?
True
Let n(t) = -5*t - 2 + 3*t**2 + 2*t + t**2. Let d be (3 - 20/8)*-6. Is 16 a factor of n(d)?
False
Let c(p) = p**3 - 12*p**2 + p - 5. Let z be c(12). Suppose 11*v - z*v - 48 = 0. Is 6 a factor of v?
True
Let k = 12 + -21. Does 14 divide (-254)/k - 2/9?
True
Let j(u) = -u**3 - u - 8. Let m be j(0). Is (-246)/(-8) - 2/m a multiple of 14?
False
Suppose 0 = 4*f - 9 - 3. Suppose -f*p - 18 = -141. Is 16 a factor of p?
False
Let b be (10/(-4))/((-2)/(-8)). Let j be 8/(-20) - 34/b. Suppose -4*q = -4*m + 84, -4*m - j*q + 40 = -37. Is 10 a factor of m?
True
Let t(k) = 11*k**2 - k - 5. Is t(3) a multiple of 7?
True
Suppose 3*s = 2*f - 3*f, 0 = 3*f - 5*s - 14. Suppose 0 = -4*o + h + 2*h + 32, f*o + 2*h = 24. Is 8 a factor of o?
True
Suppose -110 + 45 = -5*h. Suppose h = -3*r + 52. Is 13 a factor of r?
True
Let v(d) = -4*d - 9. Does 6 divide v(-7)?
False
Let z = 5 - 3. Suppose z*b - 8 = 32. Suppose 4*u - b = -0*u. Is 4 a factor of u?
False
Let u(z) = 12*z - 68. Is 28 a factor of u(22)?
True
Let f(o) = -2*o - 9. Let l be f(-7). Suppose 150 = l*r - 15. Is 11 a factor of r?
True
Let k(c) = 115*c**2 - 2*c - 2. Is 23 a factor of k(-1)?
True
Suppose 2*x - 4*z - 148 = 0, -2*x + 0*x + 108 = 4*z. Is 2 a factor of x?
True
Let i(c) = -9*c + 2. Let r be i(2). Let x = r - -55. Suppose -v = -2*p - 3*p + 37, -2*v - x = -5*p. Does 7 divide p?
True
Let a = 23 - 16. Let h(o) = o**2 - 6*o + 6. Is h(a) a multiple of 13?
True
Let n be (4/(-6))/(4/18). Let m be -2 + 5 - (4 + n). Suppose 48 + 56 = m*o. Does 26 divide o?
True
Let t = 8 - 3. Suppose t = -5*d, -4*y + 2*d + 131 = -d. Is 16 a factor of y?
True
Let c(a) = 9*a**2 - 3*a + 2. Is c(2) a multiple of 16?
True
Let r be (2 + -3)*0/6. Suppose 24 = -r*q + q. Is q a multiple of 8?
True
Let h(f) = f**3 + 3*f**2 - 5*f + 1. Is h(4) a multiple of 31?
True
Let n be (-2 + (-9)/(-6))*2. Let q be (n - -3)/4*10. Suppose 0*z = q*z - 85. Does 7 divide z?
False
Suppose -5*l + 191 - 46 = 0. Is l a multiple of 5?
False
Let l be 94/(-10) - 2/(-5). Let n = 19 - 39. Let t = l - n. Is t a multiple of 5?
False
Let h(u) be the third derivative of -15*u**4/8 + 8*u**2. Does 30 divide h(-2)?
True
Suppose r - 184 = -3*r. Suppose i + 4*s = 18, -r = -4*i + 3*s - 6*s. Is i a multiple of 3?
False
Let y(g) be the second derivative of -g**5/20 + 2*g**3/3 + g**2/2 - g. Does 13 divide y(-4)?
False
Suppose l - 3*j - 97 = -l, -3*j + 168 = 3*l. Does 19 divide l?
False
Let a(c) = -c**2 - 6*c + 11. Let z be a(-8). Is 8 a factor of z*(-16)/20*6?
True
Let k = -16 + 232. Is 36 a factor of k?
True
Suppose 3*v - 3 = -3*d, -3*d + 5*v = -d + 12. Let u be 2/4 + 18/4. Let n = d + u. Is n a multiple of 4?
True
Let t(x) be the third derivative of x**6/120 + 7*x**5/60 + x**4/6 + x**3/6 + 2*x**2. Let j be t(-7). Let i = j + 43. Is 6 a factor of i?
False
Is 6/15 + (-118)/(-5) + 1 a multiple of 5?
True
Suppose -4*y + 3 = -1, 0 = -4*c - y - 43. Let h = c + 8. Let a = h + 8. Is a a multiple of 5?
True
Let o = -1 + 3. Suppose 0 = o*n - 3*n + 5. Suppose 30 = n*q - 45. Does 9 divide q?
False
Suppose 5*y = 3*p + 16, -3*p + 3*y = 2*p + 16. Let g(o) = -o**3 - 2*o**2 + 3*o - 1. Let l be g(-3). Is 4 a factor of -2 + (-4 + p)/l?
True
Let v = -6 + 9. Suppose j = -3*j - 3*b + 12, -v*b - 30 = -3*j. Is 3 a factor of j?
True
Let k be 68/6 - 10/(-15). Let s(n) = -n**2 + 15*n - 2. Is 17 a factor of s(k)?
True
Let k be (-6)/(-21) - 4/14. Suppose h = -1 - 0, -4*f - 3*h + 9 = k. Suppose 0 = -f*q + q + 22. Is 4 a factor of q?
False
Let m(w) = 125*w**2 + 2